{"id":74,"date":"2015-01-04T19:13:50","date_gmt":"2015-01-04T18:13:50","guid":{"rendered":"http:\/\/www.plattformblut.at\/dev\/?page_id=74"},"modified":"2024-08-24T21:06:02","modified_gmt":"2024-08-24T20:06:02","slug":"anfahrt","status":"publish","type":"page","link":"https:\/\/plattformblut.at\/wienerbluttage\/anfahrt\/","title":{"rendered":"Anfahrt"},"content":{"rendered":"<p>[et_pb_section fb_built=&#8220;1&#8243; _builder_version=&#8220;4.16&#8243; global_colors_info=&#8220;{}&#8220;][et_pb_row _builder_version=&#8220;4.16&#8243; background_size=&#8220;initial&#8220; background_position=&#8220;top_left&#8220; background_repeat=&#8220;repeat&#8220; global_colors_info=&#8220;{}&#8220;][et_pb_column type=&#8220;4_4&#8243; _builder_version=&#8220;4.16&#8243; custom_padding=&#8220;|||&#8220; global_colors_info=&#8220;{}&#8220; custom_padding__hover=&#8220;|||&#8220;][et_pb_text admin_label=&#8220;Text&#8220; _builder_version=&#8220;4.18.0&#8243; background_size=&#8220;initial&#8220; background_position=&#8220;top_left&#8220; background_repeat=&#8220;repeat&#8220; hover_enabled=&#8220;0&#8243; global_colors_info=&#8220;{}&#8220; sticky_enabled=&#8220;0&#8243;]<\/p>\n<h3><strong>Austria Trend Parkhotel Sch\u00f6nbrunn<\/strong><\/h3>\n<p><strong>Hietzinger Hauptstra\u00dfe 10-16<\/strong><br \/><strong>1130 Wien<\/strong><br \/><strong>Tel.: 0043-87804<\/strong><\/p>\n<hr \/>\n<p>&nbsp;<\/p>\n<p><strong>Anfahrt \u00fcber:<\/strong><\/p>\n<ul>\n<li>Westautobahn (A1): Ausfahrt Zentrum &#8211; Hietzinger Kai &#8211; Abzweigung Hietzing &#8211; rechts in die Hietzinger Hauptstra\u00dfe<\/li>\n<li>S\u00fcdautobahn (A2): Ausfahrt Altmannsdorf &#8211; Altmannsdorfer Stra\u00dfe &#8211; Gr\u00fcnbergstra\u00dfe &#8211; links in die Linke Wienzeile &#8211; Hadikgasse &#8211; bei Kennedybr\u00fccke links in die Hietzinger Hauptstra\u00dfe<\/li>\n<li>Ostautobahn (A4): Richtung A23 &#8211; Ausfahrt Altmannsdorf &#8211; Altmannsdorfer Stra\u00dfe &#8211; Gr\u00fcnbergstra\u00dfe &#8211; links in die Linke Wienzeile &#8211; Hadikgasse &#8211; bei Kennedybr\u00fccke links in die Hietzinger Hauptstra\u00dfe<\/li>\n<li>Donauuferautobahn (A22): Richtung A23 &#8211; Ausfahrt Altmannsdorf &#8211; Altmannsdorfer Stra\u00dfe &#8211; Gr\u00fcnbergstra\u00dfe &#8211; links in die Linke Wienzeile &#8211; Hadikgasse &#8211; bei Kennedybr\u00fccke links in die Hietzinger Hauptstra\u00dfe<\/li>\n<li>\u00d6ffentliche Verkehrsmittel: U-Bahn U4-Hietzing\/Tiergarten Sch\u00f6nbrunn &#8211; Stra\u00dfenbahnlinien: 10, 60, Busse: 51A, 56B, 58B, 156B, 260<\/li>\n<\/ul>\n<p>&nbsp;<\/p>\n<div>\n<div class=\"WordSection1\">\n<div class=\"\"><b class=\"\"><span class=\"\">Parkm\u00f6glichkeiten:<\/span><\/b><\/div>\n<\/div>\n<\/div>\n<div>\n<div class=\"WordSection1\">\n<ul>\n<li><span class=\"\">Es befindet sich eine \u00f6ffentliche Garage mit etwa 100 Parkpl\u00e4tzen sowie 2 E-Tankstellen direkt beim Hotel. <\/span><span class=\"\">Garagengeb\u00fchr \u20ac 40,- pro Tag bzw. \u20ac 4,50,- pro Stunde.<\/span><\/li>\n<li><span class=\"\">Park+Ride H\u00fctteldorf, Deutschordenstra\u00dfe 3a, 1140 Wien. Tagesgeb\u00fchr \u20ac 4,10; direkter Zugang zur U4, 4 Stationen bis U4-Hietzing\/Tiergarten Sch\u00f6nbrunn (<a class=\"\" href=\"https:\/\/www.parken.at\/garage\/245\/p+r-h\u00fctteldorf\">https:\/\/www.parken.at\/garage\/245\/p+r-h%C3%BCtteldorf<\/a>)<\/span><\/li>\n<li><span class=\"\">Parkgarage EKAZENT Hietzing, 1130 Wien, Eduard-Klein-Gasse 21; Garagengeb\u00fchr \u20ac 29,60\/Tagesh\u00f6chsttarif bzw. \u20ac 3,70\/Stunde (<a class=\"\" href=\"https:\/\/www.boe-parking.at\/de\/garagen\/wien\/ekzhietzing&amp;ts=1724311416952\">https:\/\/www.boe-parking.at\/de\/garagen\/wien\/ekzhietzing<\/a>)<\/span><\/li>\n<li><span class=\"\">Wenige Stra\u00dfenparkpl\u00e4tze rund um das Hotel sind vorhanden. In Wien gilt jedoch Kurzparkzone.<\/span><\/li>\n<li><span class=\"\">Busparkplatz in Hoteln\u00e4he<\/span><\/li>\n<\/ul>\n<\/div>\n<\/div>\n<div>\n<div class=\"WordSection1\">\u00a0<\/div>\n<\/div>\n<p>[\/et_pb_text][\/et_pb_column][\/et_pb_row][\/et_pb_section]<\/p>\n","protected":false},"excerpt":{"rendered":"<p>Austria Trend Parkhotel Sch\u00f6nbrunn Hietzinger Hauptstra\u00dfe 10-161130 WienTel.: 0043-87804 &nbsp; Anfahrt \u00fcber: Westautobahn (A1): Ausfahrt Zentrum &#8211; Hietzinger Kai &#8211; Abzweigung Hietzing &#8211; rechts in die Hietzinger Hauptstra\u00dfe S\u00fcdautobahn (A2): Ausfahrt Altmannsdorf &#8211; Altmannsdorfer Stra\u00dfe &#8211; Gr\u00fcnbergstra\u00dfe &#8211; links in die Linke Wienzeile &#8211; Hadikgasse &#8211; bei Kennedybr\u00fccke links in die Hietzinger Hauptstra\u00dfe Ostautobahn (A4): [&hellip;]<\/p>\n","protected":false},"author":1,"featured_media":0,"parent":0,"menu_order":0,"comment_status":"open","ping_status":"open","template":"","meta":{"_et_pb_use_builder":"on","_et_pb_old_content":"","_et_gb_content_width":"","footnotes":""},"class_list":["post-74","page","type-page","status-publish","hentry"],"aioseo_notices":[],"_links":{"self":[{"href":"https:\/\/plattformblut.at\/wienerbluttage\/wp-json\/wp\/v2\/pages\/74","targetHints":{"allow":["GET"]}}],"collection":[{"href":"https:\/\/plattformblut.at\/wienerbluttage\/wp-json\/wp\/v2\/pages"}],"about":[{"href":"https:\/\/plattformblut.at\/wienerbluttage\/wp-json\/wp\/v2\/types\/page"}],"author":[{"embeddable":true,"href":"https:\/\/plattformblut.at\/wienerbluttage\/wp-json\/wp\/v2\/users\/1"}],"replies":[{"embeddable":true,"href":"https:\/\/plattformblut.at\/wienerbluttage\/wp-json\/wp\/v2\/comments?post=74"}],"version-history":[{"count":18,"href":"https:\/\/plattformblut.at\/wienerbluttage\/wp-json\/wp\/v2\/pages\/74\/revisions"}],"predecessor-version":[{"id":4592,"href":"https:\/\/plattformblut.at\/wienerbluttage\/wp-json\/wp\/v2\/pages\/74\/revisions\/4592"}],"wp:attachment":[{"href":"https:\/\/plattformblut.at\/wienerbluttage\/wp-json\/wp\/v2\/media?parent=74"}],"curies":[{"name":"wp","href":"https:\/\/api.w.org\/{rel}","templated":true}]}}